ndred thousands digit of 231760?
2
What is the units digit of 8967688?
8
What is the hundreds digit of 6358777?
7
What is the tens digit of 730850?
5
What is the units digit of 39215?
5
What is the thousands digit of 220283?
0
What is the hundreds digit of 119438?
4
What is the hundred thousands digit of 850416?
8
What is the ten thousands digit of 31040677?
4
What is the units digit of 192394?
4
What is the ten thousands digit of 115316?
1
What is the thousands digit of 1535907?
5
What is the hundred thousands digit of 235697?
2
What is the ten millions digit of 11457985?
1
What is the ten thousands digit of 129086?
2
What is the hundred thousands digit of 318949?
3
What is the units digit of 5294604?
4
What is the units digit of 2130485?
5
What is the ten thousands digit of 8669264?
6
What is the tens digit of 338100?
0
What is the hundred thousands digit of 1040117?
0
What is the millions digit of 7670203?
7
What is the hundred thousands digit of 639231?
6
What is the hundred thousands digit of 2022268?
0
What is the hundreds digit of 233617?
6
What is the hundred thousands digit of 7936209?
9
What is the ten thousands digit of 399674?
9
What is the hundred thousands digit of 1638863?
6
What is the hundreds digit of 342621?
6
What is the hundred thousands digit of 1112787?
1
What is the units digit of 3244009?
9
What is the units digit of 2280051?
1
What is the units digit of 149441?
1
What is the tens digit of 18043869?
6
What is the ten thousands digit of 190301?
9
What is the units digit of 693930?
0
What is the hundred thousands digit of 1277714?
2
What is the millions digit of 3324040?
3
What is the units digit of 4549726?
6
What is the tens digit of 269860?
6
What is the ten thousands digit of 175658?
7
What is the millions digit of 7821211?
7
What is the tens digit of 9143924?
2
What is the units digit of 2806755?
5
What is the millions digit of 3471060?
3
What is the thousands digit of 16651938?
1
What is the ten thousands digit of 200177?
0
What is the tens digit of 2095983?
8
What is the tens digit of 7604214?
1
What is the tens digit of 1420224?
2
What is the hundred thousands digit of 3184924?
1
What is the tens digit of 1593035?
3
What is the hundred thousands digit of 3914208?
9
What is the tens digit of 493700?
0
What is the thousands digit of 35524?
5
What is the ten thousands digit of 404070?
0
What is the thousands digit of 59458?
9
What is the hundreds digit of 681864?
8
What is the hundreds digit of 3042294?
2
What is the hundreds digit of 248947?
9
What is the units digit of 904259?
9
What is the hundred thousands digit of 1304574?
3
What is the ten thousands digit of 81987?
8
What is the ten thousands digit of 94393?
9
What is the hundred thousands digit of 575454?
5
What is the hundred thousands digit of 15061341?
0
What is the hundred thousands digit of 1045996?
0
What is the hundreds digit of 6290648?
6
What is the hundred thousands digit of 137719?
1
What is the hundreds digit of 220637?
6
What is the hundreds digit of 4854312?
3
What is the tens digit of 450829?
2
What is the ten thousands digit of 1627851?
2
What is the thousands digit of 38392?
8
What is the hundred thousands digit of 632434?
6
What is the thousands digit of 14182914?
2
What is the hundred thousands digit of 827738?
8
What is the hundreds digit of 20784230?
2
What is the tens digit of 1130417?
1
What is the ten thousands digit of 5178373?
7
What is the ten millions digit of 20921462?
2
What is the hundred thousands digit of 598118?
5
What is the hundred thousands digit of 214769?
2
What is the hundred thousands digit of 1293868?
2
What is the units digit of 9152499?
9
What is the units digit of 35215?
5
What is the hundreds digit of 6116374?
3
What is the hundreds digit of 672444?
4
What is the units digit of 22912595?
5
What is the hundreds digit of 3323169?
1
What is the hundred thousands digit of 11769945?
7
What is the ten thousands digit of 19359838?
5
What is the tens digit of 3496318?
1
What is the millions digit of 2103132?
2
What is the tens digit of 7364888?
8
What is the hundreds digit of 4015656?
6
What is the thousands digit of 90121?
0
What is the tens digit of 455419?
1
What is the hundred thousands digit of 1574831?
5
What is the millions digit of 26747973?
6
What is the hundreds digit of 548334?
3
What is the hundred thousands digit of 121560?
1
What is the ten thousands digit of 64247?
6
What is the units digit of 3685793?
3
What is the tens digit of 603843?
4
What is the hundreds digit of 2332484?
4
What is the ten thousands digit of 1994371?
9
What is the ten thousands digit of 932013?
3
What is the units digit of 16131235?
5
What is the units digit of 1772913?
3
What is the tens digit of 849836?
3
What is the tens digit of 26405?
0
What is the thousands digit of 60145?
0
What is the hundred thousands digit of 10267917?
2
What is the thousands digit of 92813?
2
What is the tens digit of 2246518?
1
What is the hundreds digit of 12256672?
6
What is the hundreds digit of 694735?
7
What is the ten thousands digit of 103802?
0
What is the hundred thousands digit of 1398623?
3
What is the thousands digit of 1029991?
9
What is the hundreds digit of 400505?
5
What is the tens digit of 35397?
9
What is the units digit of 14637774?
4
What is the units digit of 16738106?
6
What is the tens digit of 513554?
5
What is the ten thousands digit of 342638?
4
What is the ten thousands digit of 1096779?
9
What is the thousands digit of 108934?
8
What is the thousands digit of 4464961?
4
What is the ten thousands digit of 88827?
8
What is the millions digit of 11025391?
1
What is the hundred thousands digit of 282958?
2
What is the tens digit of 901?
0
What is the tens digit of 889363?
6
What is the tens digit of 741895?
9
What is the thousands digit of 4991336?
1
What is the thousands digit of 170896?
0
What is the hundreds digit of 3495850?
8
What is the tens digit of 6867322?
2
What is the ten thousands digit of 819027?
1
What is the tens digit of 598103?
0
What is the tens digit of 6101263?
6
What is the ten thousands digit of 7832672?
3
What is the ten thousands digit of 409611?
0
What is the hundred thousands digit of 199934?
1
What is the hundred thousands digit of 2559241?
5
What is the ten thousands digit of 308059?
0
What is the hundreds digit of 211488?
4
What is the tens digit of 14795616?
1
What is the hundreds digit of 158968?
9
What is the ten thousands digit of 472496?
7
What is the hundreds digit of 1734823?
8
What is the units digit of 128602?
2
What is the ten thousands digit of 3807255?
0
What is the hundreds digit of 432506?
5
What is the units digit of 567353?
3
What is the thousands digit of 2776615?
6
What is the units digit of 13434?
4
What is the thousands digit of 849826?
9
What is the ten thousands digit of 51055?
5
What is the units digit of 355657?
7
What is the units digit of 12124484?
4
What is the tens digit of 159531?
3
What is the thousands digit of 456647?
6
What is the units digit of 1137746?
6
What is the units digit of 18052300?
0
What is the thousands digit of 4261735?
1
What is the hundreds digit of 66335?
3
What is the ten thousands digit of 1483332?
8
What is the thousands digit of 75040?
5
What is the ten thousands digit of 626133?
2
What is the units digit of 1877552?
2
What is the tens digit of 347071?
7
What is the ten thousands digit of 12469559?
6
What is the thousands digit of 772904?
2
What is the hundred thousands digit of 1407262?
4
What is the tens digit of 16468516?
1
What is the thousands digit of 3920411?
0
What is the thousands digit of 709615?
9
What is the units digit of 1035406?
6
What is the ten thousands digit of 164237?
6
What is the hundreds digit of 2442018?
0
What is the tens digit of 406886?
8
What is the hundred thousands digit of 305297?
3
What is the units digit of 1557100?
0
What is the units digit of 1388619?
9
What is the millions digit of 9014760?
9
What is the millions digit of 1703576?
1
What is the tens digit of 102217?
1
What is the ten thousands digit of 4262891?
6
What is the units digit of 347398?
8
What is the ten millions digit of 34484833?
3
What is the tens digit of 5020785?
8
What is the millions digit of 4958886?
4
What is the thousands digit of 92002?
2